{"id":38,"date":"2024-03-24T14:37:42","date_gmt":"2024-03-24T14:37:42","guid":{"rendered":"https:\/\/anabolafortjejer.com\/?page_id=38"},"modified":"2024-03-24T14:37:43","modified_gmt":"2024-03-24T14:37:43","slug":"kop-testosteron","status":"publish","type":"page","link":"https:\/\/anabolafortjejer.com\/index.php\/kop-testosteron\/","title":{"rendered":"k\u00f6p testosteron"},"content":{"rendered":"\n<p>Idag pratas det om testosteron mer \u00e4n jag h\u00f6rt p\u00e5 l\u00e4nge. Allt fr\u00e5n <a href=\"https:\/\/anabolasteroider.net\/shop\/alla-produkter\/testosterone-enanthate-2000mg\/\">testosteroners\u00e4ttning<\/a>, till att boosta sina testosteronniv\u00e5er. P\u00e5 anabolasteroider.net s\u00e5 finns det testosteron av h\u00f6g kvalitet till bra pris. <a href=\"https:\/\/anabolasteroider.net\/shop\/alla-produkter\/testosterone-enanthate-2000mg\/\" target=\"_blank\" rel=\"noreferrer noopener\">K\u00f6p testosteron<\/a> p\u00e5 anabolasteroider.net.<\/p>\n\n\n\n<div class=\"wp-block-media-text alignwide is-stacked-on-mobile\"><figure class=\"wp-block-media-text__media\"><img decoding=\"async\" loading=\"lazy\" width=\"768\" height=\"768\" src=\"http:\/\/anabolafortjejer.com\/wp-content\/uploads\/2024\/03\/testosterone_enanthate_100mg_3-768x768-1.jpg\" alt=\"k\u00f6p testosteron\" class=\"wp-image-39 size-full\" srcset=\"https:\/\/anabolafortjejer.com\/wp-content\/uploads\/2024\/03\/testosterone_enanthate_100mg_3-768x768-1.jpg 768w, https:\/\/anabolafortjejer.com\/wp-content\/uploads\/2024\/03\/testosterone_enanthate_100mg_3-768x768-1-300x300.jpg 300w, https:\/\/anabolafortjejer.com\/wp-content\/uploads\/2024\/03\/testosterone_enanthate_100mg_3-768x768-1-150x150.jpg 150w\" sizes=\"(max-width: 768px) 100vw, 768px\" \/><\/figure><div class=\"wp-block-media-text__content\">\n<p>Testosteron fungerar utm\u00e4rkt med alla \u00f6vriga steroider d\u00e5 \u00f6vriga steroider trycker ner den ordinarie testosteronproduktionen. Hur mycket som trycks ner beror p\u00e5 hur starkt androgen effekt de \u00f6vriga steroiderna har samt vilken dosering som anv\u00e4nds. Testosterone b\u00f6r alltid ligga som bas i alla kurer f\u00f6r m\u00e4n. Testosteron och\u00a0<a href=\"https:\/\/anabolasteroider.net\/shop\/steroider-for-tjejer\/nandrolone-deca-1000mg\/\">Deca<\/a>\u00a0ofta kallas \u201dden perfekta kombon\u201d f\u00f6r att\u00a0<a href=\"https:\/\/anabolasteroider.net\/shop\/alla-produkter\/kostschema\/kostschema-for-dig-pa-steroider\/\">bulka<\/a>* och bygga muskelmassa enligt m\u00e5nga erfarna steroidanv\u00e4ndare.\u00a0<\/p>\n\n\n\n<p><a href=\"https:\/\/anabolasteroider.net\/shop\/alla-produkter\/testosterone-enanthate-2000mg\/\" target=\"_blank\" rel=\"noreferrer noopener\">Text och bild fr\u00e5n anabolasteroider.net<\/a><\/p>\n<\/div><\/div>\n","protected":false},"excerpt":{"rendered":"<p>Idag pratas det om testosteron mer \u00e4n jag h\u00f6rt p\u00e5 l\u00e4nge. Allt fr\u00e5n testosteroners\u00e4ttning, till att boosta sina testosteronniv\u00e5er. P\u00e5 anabolasteroider.net s\u00e5 finns det testosteron av h\u00f6g kvalitet till bra pris. K\u00f6p testosteron p\u00e5 anabolasteroider.net. Testosteron fungerar utm\u00e4rkt med alla \u00f6vriga steroider d\u00e5 \u00f6vriga steroider trycker ner den ordinarie testosteronproduktionen. Hur mycket som trycks ner [&hellip;]<\/p>\n","protected":false},"author":2,"featured_media":39,"parent":0,"menu_order":0,"comment_status":"closed","ping_status":"closed","template":"","meta":[],"yoast_head":"<!-- This site is optimized with the Yoast SEO plugin v20.2.1 - https:\/\/yoast.com\/wordpress\/plugins\/seo\/ -->\n<title>k\u00f6p testosteron - Anabola f\u00f6r tjejer<\/title>\n<meta name=\"description\" content=\"Testosteron och\u00a0Deca\u00a0ofta kallas \u201dden perfekta kombon\u201d f\u00f6r att\u00a0bulka* och bygga muskelmassa enligt m\u00e5nga erfarna steroidanv\u00e4ndare.\u00a0\" \/>\n<meta name=\"robots\" content=\"index, follow, max-snippet:-1, max-image-preview:large, max-video-preview:-1\" \/>\n<link rel=\"canonical\" href=\"https:\/\/anabolafortjejer.com\/index.php\/kop-testosteron\/\" \/>\n<meta property=\"og:locale\" content=\"sv_SE\" \/>\n<meta property=\"og:type\" content=\"article\" \/>\n<meta property=\"og:title\" content=\"k\u00f6p testosteron - Anabola f\u00f6r tjejer\" \/>\n<meta property=\"og:description\" content=\"Testosteron och\u00a0Deca\u00a0ofta kallas \u201dden perfekta kombon\u201d f\u00f6r att\u00a0bulka* och bygga muskelmassa enligt m\u00e5nga erfarna steroidanv\u00e4ndare.\u00a0\" \/>\n<meta property=\"og:url\" content=\"https:\/\/anabolafortjejer.com\/index.php\/kop-testosteron\/\" \/>\n<meta property=\"og:site_name\" content=\"Anabola f\u00f6r tjejer\" \/>\n<meta property=\"article:modified_time\" content=\"2024-03-24T14:37:43+00:00\" \/>\n<meta property=\"og:image\" content=\"http:\/\/anabolafortjejer.com\/wp-content\/uploads\/2024\/03\/testosterone_enanthate_100mg_3-768x768-1.jpg\" \/>\n\t<meta property=\"og:image:width\" content=\"768\" \/>\n\t<meta property=\"og:image:height\" content=\"768\" \/>\n\t<meta property=\"og:image:type\" content=\"image\/jpeg\" \/>\n<meta name=\"twitter:card\" content=\"summary_large_image\" \/>\n<meta name=\"twitter:label1\" content=\"Ber\u00e4knad l\u00e4stid\" \/>\n\t<meta name=\"twitter:data1\" content=\"1 minut\" \/>\n<script type=\"application\/ld+json\" class=\"yoast-schema-graph\">{\"@context\":\"https:\/\/schema.org\",\"@graph\":[{\"@type\":\"WebPage\",\"@id\":\"https:\/\/anabolafortjejer.com\/index.php\/kop-testosteron\/\",\"url\":\"https:\/\/anabolafortjejer.com\/index.php\/kop-testosteron\/\",\"name\":\"k\u00f6p testosteron - Anabola f\u00f6r tjejer\",\"isPartOf\":{\"@id\":\"https:\/\/anabolafortjejer.com\/#website\"},\"datePublished\":\"2024-03-24T14:37:42+00:00\",\"dateModified\":\"2024-03-24T14:37:43+00:00\",\"description\":\"Testosteron och\u00a0Deca\u00a0ofta kallas \u201dden perfekta kombon\u201d f\u00f6r att\u00a0bulka* och bygga muskelmassa enligt m\u00e5nga erfarna steroidanv\u00e4ndare.\u00a0\",\"breadcrumb\":{\"@id\":\"https:\/\/anabolafortjejer.com\/index.php\/kop-testosteron\/#breadcrumb\"},\"inLanguage\":\"sv-SE\",\"potentialAction\":[{\"@type\":\"ReadAction\",\"target\":[\"https:\/\/anabolafortjejer.com\/index.php\/kop-testosteron\/\"]}]},{\"@type\":\"BreadcrumbList\",\"@id\":\"https:\/\/anabolafortjejer.com\/index.php\/kop-testosteron\/#breadcrumb\",\"itemListElement\":[{\"@type\":\"ListItem\",\"position\":1,\"name\":\"Hem\",\"item\":\"https:\/\/anabolafortjejer.com\/\"},{\"@type\":\"ListItem\",\"position\":2,\"name\":\"k\u00f6p testosteron\"}]},{\"@type\":\"WebSite\",\"@id\":\"https:\/\/anabolafortjejer.com\/#website\",\"url\":\"https:\/\/anabolafortjejer.com\/\",\"name\":\"Anabola f\u00f6r tjejer\",\"description\":\"\",\"potentialAction\":[{\"@type\":\"SearchAction\",\"target\":{\"@type\":\"EntryPoint\",\"urlTemplate\":\"https:\/\/anabolafortjejer.com\/?s={search_term_string}\"},\"query-input\":\"required name=search_term_string\"}],\"inLanguage\":\"sv-SE\"}]}<\/script>\n<!-- \/ Yoast SEO plugin. -->","yoast_head_json":{"title":"k\u00f6p testosteron - Anabola f\u00f6r tjejer","description":"Testosteron och\u00a0Deca\u00a0ofta kallas \u201dden perfekta kombon\u201d f\u00f6r att\u00a0bulka* och bygga muskelmassa enligt m\u00e5nga erfarna steroidanv\u00e4ndare.\u00a0","robots":{"index":"index","follow":"follow","max-snippet":"max-snippet:-1","max-image-preview":"max-image-preview:large","max-video-preview":"max-video-preview:-1"},"canonical":"https:\/\/anabolafortjejer.com\/index.php\/kop-testosteron\/","og_locale":"sv_SE","og_type":"article","og_title":"k\u00f6p testosteron - Anabola f\u00f6r tjejer","og_description":"Testosteron och\u00a0Deca\u00a0ofta kallas \u201dden perfekta kombon\u201d f\u00f6r att\u00a0bulka* och bygga muskelmassa enligt m\u00e5nga erfarna steroidanv\u00e4ndare.\u00a0","og_url":"https:\/\/anabolafortjejer.com\/index.php\/kop-testosteron\/","og_site_name":"Anabola f\u00f6r tjejer","article_modified_time":"2024-03-24T14:37:43+00:00","og_image":[{"width":768,"height":768,"url":"http:\/\/anabolafortjejer.com\/wp-content\/uploads\/2024\/03\/testosterone_enanthate_100mg_3-768x768-1.jpg","type":"image\/jpeg"}],"twitter_card":"summary_large_image","twitter_misc":{"Ber\u00e4knad l\u00e4stid":"1 minut"},"schema":{"@context":"https:\/\/schema.org","@graph":[{"@type":"WebPage","@id":"https:\/\/anabolafortjejer.com\/index.php\/kop-testosteron\/","url":"https:\/\/anabolafortjejer.com\/index.php\/kop-testosteron\/","name":"k\u00f6p testosteron - Anabola f\u00f6r tjejer","isPartOf":{"@id":"https:\/\/anabolafortjejer.com\/#website"},"datePublished":"2024-03-24T14:37:42+00:00","dateModified":"2024-03-24T14:37:43+00:00","description":"Testosteron och\u00a0Deca\u00a0ofta kallas \u201dden perfekta kombon\u201d f\u00f6r att\u00a0bulka* och bygga muskelmassa enligt m\u00e5nga erfarna steroidanv\u00e4ndare.\u00a0","breadcrumb":{"@id":"https:\/\/anabolafortjejer.com\/index.php\/kop-testosteron\/#breadcrumb"},"inLanguage":"sv-SE","potentialAction":[{"@type":"ReadAction","target":["https:\/\/anabolafortjejer.com\/index.php\/kop-testosteron\/"]}]},{"@type":"BreadcrumbList","@id":"https:\/\/anabolafortjejer.com\/index.php\/kop-testosteron\/#breadcrumb","itemListElement":[{"@type":"ListItem","position":1,"name":"Hem","item":"https:\/\/anabolafortjejer.com\/"},{"@type":"ListItem","position":2,"name":"k\u00f6p testosteron"}]},{"@type":"WebSite","@id":"https:\/\/anabolafortjejer.com\/#website","url":"https:\/\/anabolafortjejer.com\/","name":"Anabola f\u00f6r tjejer","description":"","potentialAction":[{"@type":"SearchAction","target":{"@type":"EntryPoint","urlTemplate":"https:\/\/anabolafortjejer.com\/?s={search_term_string}"},"query-input":"required name=search_term_string"}],"inLanguage":"sv-SE"}]}},"_links":{"self":[{"href":"https:\/\/anabolafortjejer.com\/index.php\/wp-json\/wp\/v2\/pages\/38"}],"collection":[{"href":"https:\/\/anabolafortjejer.com\/index.php\/wp-json\/wp\/v2\/pages"}],"about":[{"href":"https:\/\/anabolafortjejer.com\/index.php\/wp-json\/wp\/v2\/types\/page"}],"author":[{"embeddable":true,"href":"https:\/\/anabolafortjejer.com\/index.php\/wp-json\/wp\/v2\/users\/2"}],"replies":[{"embeddable":true,"href":"https:\/\/anabolafortjejer.com\/index.php\/wp-json\/wp\/v2\/comments?post=38"}],"version-history":[{"count":1,"href":"https:\/\/anabolafortjejer.com\/index.php\/wp-json\/wp\/v2\/pages\/38\/revisions"}],"predecessor-version":[{"id":41,"href":"https:\/\/anabolafortjejer.com\/index.php\/wp-json\/wp\/v2\/pages\/38\/revisions\/41"}],"wp:featuredmedia":[{"embeddable":true,"href":"https:\/\/anabolafortjejer.com\/index.php\/wp-json\/wp\/v2\/media\/39"}],"wp:attachment":[{"href":"https:\/\/anabolafortjejer.com\/index.php\/wp-json\/wp\/v2\/media?parent=38"}],"curies":[{"name":"wp","href":"https:\/\/api.w.org\/{rel}","templated":true}]}}